*z - b*z = -25. Determine c(z).
2
Let k(y) = -14*y - 14. Let q(l) = 5*l + 5. Let n(o) = -3*k(o) - 8*q(o). Suppose 5*r - 2*r + 12 = 0. Let c be -7*(16/14)/r. Calculate n(c).
6
Let p = 19 + -7. Suppose -3*n - 3 + p = 0. Let s(o) = -o**2 - o**n - 3*o - 4*o**2 - o - 2. Determine s(-2).
-6
Suppose 4*p + 7 = 4*n - 5, -4 = 2*p. Let z(k) = 0*k**2 + 0 + k + 6*k**2 + n. Let h(a) = a**3 - 4*a**2 - a + 3. Let l be h(4). What is z(l)?
6
Let h = -19 + 25. Let y(d) = d**3 - 7*d**2 + 6*d - 4. Determine y(h).
-4
Let q(o) = -o**2 - 15*o - 6. Let j(b) = -b**2 - 7*b - 3. Let y be (-1 - 1)*15/(-10). Let l(m) = y*q(m) - 7*j(m). Calculate l(-2).
11
Let o(d) = 3*d**3 + d. Let n(u) = -u - 1. Let q be n(-3). Let x be 16*(-1)/(-1 + 3). Let l be (x/4)/(q/(-1)). What is o(l)?
4
Let l(y) = y**2 + y + 1. Let q(n) = -21*n**2 - 28*n - 28. Let w(s) = 28*l(s) + q(s). Suppose 12 = 2*x - f, f + 20 = -4*f. Let m = -5 + x. Determine w(m).
7
Let j = -15 + 19. Let h(i) = -i**3 + 6*i**2 - 4*i - 3. Let o be h(5). Let q(f) = -f**3 + 5 + f**2 - 2*f - 2*f + j*f**o. Calculate q(4).
5
Let y(z) be the third derivative of 0 + 1/20*z**5 - 1/120*z**6 + 1/6*z**3 + 0*z + 7/24*z**4 + 4*z**2. What is y(5)?
-14
Let j(f) = -f - 1. Let o be j(-5). Let n(h) = o*h**2 - 2*h**2 - 2*h**3 + h**3 - 1 + 0*h**2. Calculate n(2).
-1
Suppose -90*i + 93*i - 30 = 0. Let s(g) = -g + 10. Calculate s(i).
0
Let o(i) = i**2 + 2*i**2 - 2*i**2 - 2 + 2*i + 1 - i**3. Let j be o(2). Let x(b) = 0*b**2 + 1 - 2*b**2 + 0. Give x(j).
-1
Let k = -22 - -20. Let b(i) = 3*i - 3*i**2 - i**3 + 1 - 3*i**3 + 3*i**3. What is b(k)?
-9
Let b(w) = w + 4. Let f = -9 - -14. Suppose -f*v + 11 = -r - r, 3*r - 21 = -5*v. Suppose 5 = -r*z - 5. What is b(z)?
-1
Let g = 21 - 19. Let f(o) = 0*o**3 + o**3 + g - 5*o**2 + 3*o + 0*o**3. Give f(4).
-2
Let h = 10 + -1. Let i = 13 - h. Let a(y) = -y - y**2 + 7*y - 3 - y. Determine a(i).
1
Let k(r) be the second derivative of -r**3/6 - r**2/2 + 12*r. Give k(-3).
2
Let q(y) be the second derivative of y**3/3 + 5*y**2 - y. Calculate q(-7).
-4
Let j(b) be the first derivative of -4*b - b**3 - 1/4*b**4 + b**2 + 4. Determine j(-4).
4
Let b(i) = -i**3 + 4*i**2 - 4. Let w = -8 + 16. Let u(a) = a**2 + 0 - w + 6*a - 2*a. Let n be u(-6). What is b(n)?
-4
Let x(f) be the third derivative of -f**5/60 + f**4/24 + f**3/6 - 4*f**2. Determine x(0).
1
Suppose -3*i - 14 = 5*g, 4*i = -g - g. Let s be 4/((i/(-1))/(-2)). Suppose -s*x - 4 = -5*x. Let c(u) = -u**3 + 3*u**2 + 6*u - 1. Give c(x).
7
Suppose 4*f - 6 - 2 = 0. Let k = f + 3. Let t(h) = -h**3 + 5*h**2. What is t(k)?
0
Let c(i) be the third derivative of 0*i - 3*i**2 + 0 + 0*i**3 - 1/8*i**4. Determine c(2).
-6
Suppose 2*x = 3*x - 14. Suppose x = 2*j + 4. Let t(o) = -o - 1. Give t(j).
-6
Suppose 3 + 22 = -5*l. Let t(k) = -k - 4. Let w be t(l). Let g(r) = 1 - 4*r - 1 - 1. Give g(w).
-5
Let u be 1 - 2/((-4)/10). Let n = -4 + u. Suppose 4*k + 4 = 2*d, -2*k + 2 + n = -4*d. Let i(v) = -4*v. Calculate i(d).
8
Let f(j) = -2 + 5 + j**2 - 2 + 2*j + 2*j. Determine f(-5).
6
Let p(u) be the second derivative of 5*u**3/3 - 3*u**2/2 + 10*u. Determine p(2).
17
Let x(g) = -5*g**2 - 16*g - 25. Let r(z) = -4 + 2 + 12 + 3*z**2 + 8*z + 3. Let k(y) = -7*r(y) - 4*x(y). What is k(8)?
9
Let a(d) = -d**2 + 10*d - 4. Let z = 49 + -42. Give a(z).
17
Suppose 6*p = 2*p - 20. Let d(t) be the third derivative of t**5/60 + t**4/4 + 2*t**3/3 + 2*t**2. Determine d(p).
-1
Let f(x) be the first derivative of -x + 1 + 2*x**2 - 1/6*x**4 + 1/3*x**3. Let w(t) be the first derivative of f(t). Give w(3).
-8
Let n(f) = f**2 + f - 2. Let o be (0 + 4)*3/(-6). Let b be n(o). Let a(d) = d - 7. What is a(b)?
-7
Suppose 4*d - 9 + 1 = -4*c, -2*c + 16 = 5*d. Let b(p) = 3*p**2 - 4*p - 3. Calculate b(c).
17
Let h(d) = 3 + 5*d + 0*d**2 + d**3 + 2*d**2 + 0*d**2 + 5*d**2. Give h(-6).
9
Let q be 16/6 + (-12)/(-36). Suppose 28 = -q*g - g. Let v(f) = -f - 10. What is v(g)?
-3
Let r(o) = 5*o**2 + 12*o - 5. Let t(f) = -6*f**2 - 13*f + 5. Let x(g) = -7*r(g) - 6*t(g). Let w = 721 - 715. What is x(w)?
5
Suppose -2*t + 1 = -1. Let i(q) be the third derivative of -q**4/4 - 4*q**2 + 7. Calculate i(t).
-6
Let v(t) = t**3 + 8*t**2 - 3*t + 4. Let b(j) = j**3 + 9*j**2 - 4*j + 4. Let l(r) = -5*b(r) + 6*v(r). Give l(-3).
-2
Let f(x) = -3 + 3*x - x**2 + 5*x**2 - 6*x**2. Give f(2).
-5
Let r be ((-8 - 1)/18)/(2/(-4)). Let u(j) = 0*j**3 + 0*j**3 + 2*j - j**2 - 4*j**3 - 1. Determine u(r).
-4
Let d(g) = -2 + 0 - g + 6. Let b be (-4)/2*2/4. Let h be b/(1/3*-1). Determine d(h).
1
Suppose 0 = s + 3*v - 20, 0*s - 3*v = 5*s - 148. Let n be 10/8 - 8/s. Let l(d) be the first derivative of -2*d**4 + d**3/3 - d**2/2 + 1. Calculate l(n).
-8
Let l(w) be the third derivative of w**4/12 - w**3/6 + w**2. Let j be (-2)/8*2*-10. Suppose -12 = k - j*k. What is l(k)?
5
Let g(m) = m**3 - 5*m**2 - 10*m + 6. Suppose 5*q = -5*p + 40, 4*q = p - 20 + 17. Give g(p).
34
Let j(u) = -u**2 - 3*u + 1. Let z be j(-3). Suppose 5 = -2*y + z. Let h(t) = t. What is h(y)?
-2
Suppose -5*f + 16 = -3*u, -4*f + 6*u - u = -18. Let i(q) = -1 - 6*q + 3*q + 2 + q**2 + 0*q**f. Calculate i(4).
5
Let a(i) = 3*i - 2 - 1 - 3*i + 5*i**2 + 6*i - i**3. What is a(6)?
-3
Let k = 2 - 1. Suppose 3*a + 0*a = -4*d, 2*d + a = 0. Let g(i) = d*i + 4*i + 2*i. What is g(k)?
6
Let p(h) = h + 4. Let u(d) = 2*d + 12. Let b(l) = -3*l**3 + l**2 - 2*l. Let z be b(2). Let m be 66/z - (-1)/(-4). Let t(q) = m*u(q) + 8*p(q). Determine t(5).
6
Let f(h) = h**2 - 8*h + 7. Let x be f(7). Let i be x/((-3)/3*1). Let s(n) = 1. Let m(a) = -a - 2. Let o(p) = -m(p) + 2*s(p). Give o(i).
4
Let s(i) = -6*i**2 - 6*i + 7. Let c(v) = v**2 + v - 1. Suppose 4*g - g = -5*n + 21, -n + 7 = 2*g. Let h = -3 - g. Let m(p) = h*c(p) - s(p). Determine m(0).
-2
Suppose 5*n + 30 = -n. Let s(y) = -y**2 - 7*y - 3. What is s(n)?
7
Let p(k) be the second derivative of k**5/120 - k**4/3 - 2*k**3/3 - 3*k. Let t(u) be the second derivative of p(u). Determine t(0).
-8
Let t be -3 + 6/(-3)*-1. Let o(y) = -3*y**3 + 1. Give o(t).
4
Let h(p) be the second derivative of -p**5/10 + p**4/3 - p**3/6 - p**2 + 7*p - 1. Give h(2).
-4
Let n(d) = -d**2 + 12*d - 12. Let a(s) = -s + 1. Let p(x) = -4*a(x) - n(x). Let j be (-5)/((-5)/(-30) - 1). What is p(j)?
-4
Let k(j) be the first derivative of j**2 + 3*j - 1. Calculate k(-3).
-3
Let w(k) = k + 1. Suppose -4*l = 17 - 5. Give w(l).
-2
Let c(f) be the third derivative of f**6/120 - f**5/10 + f**4/8 - 2*f**3/3 - 8*f**2. Calculate c(5).
-14
Let s(n) = -n**3 + n + 3. Let x be 0/(2 + (-1)/1). Let y be s(x). Let g(p) = -5 - p**y + 10*p - 10*p. What is g(0)?
-5
Let t(v) = v**2 + 7*v - 5. Let s = -8 + 2. Determine t(s).
-11
Let k(p) = -7*p**3 - 14*p**2 - 17*p + 9. Let g(b) = 3*b**3 + 7*b**2 + 8*b - 4. Let z(a) = -5*g(a) - 2*k(a). What is z(-6)?
2
Let x(b) = -b**3 - b**2 - b + 6. Let k(j) = j + 4. Let o(n) = n + 3. Let w(p) = -6*k(p) + 7*o(p). Let d be w(3). Determine x(d).
6
Let t(q) be the third derivative of q**5/12 + q**4/12 - q**3/6 + 6*q**2. Calculate t(1).
6
Suppose -t - 1 - 2 = 0. Let k(b) = 2*b + 1. Calculate k(t).
-5
Let i(x) = x**3 + 8*x**2 - 9*x + 3. Let g be i(-9). Let j(k) = -k**3 + 3*k**2 + 2*k. What is j(g)?
6
Let p(c) = -2*c**3 - 16*c**2 - 19. Let d(b) = b**3 + 8*b**2 + 9. Let q(u) = -13*d(u) - 6*p(u). Give q(-8).
-3
Let b = 57 - 53. Let z(d) = d**3 - 5*d**2 + 6*d - 4. Determine z(b).
4
Let j be 8/(-10)*10/(-4). Let q(v) = 3*v - 2*v - v**2 - 1 - 2*v**2 + 2*v**j. Suppose 3 = d - 0. What is q(d)?
-7
Suppose 0 = 9*x - 7*x. Let d(g) = g**3 - g**2 - g + 18. Calculate d(x).
18
Let z(m) = -4 - 3*m**2 + m**2 + m + 7. Let d = -8 - -11. What is z(d)?
-12
Let n(x) = 2*x - 9. Let h(f) = -3*f + 13. Let v(c) = -5*h(c) - 7*n(c). Let a = -5 + 0. Let r = -4 - a. What is v(r)?
-1
Let a(v) be the second derivative of v**5/20 + v**4/12 + v**3/3 + v**2 + v. Let x be a(-1). Let u(n) = -2 - 5 + n - 2*n. Give u(x).
-7
Let v(j) = -j**2 - 7*j - 5. Let w = -4 + 0. Let c be (-2)/(-5) + w/10. Let y be 0 + -3 + (c - 1). Give v(y).
7
Let g(w) be the third derivative of -w**5/60 + w**4/6 + w**3 + w**2. Let c be g(5). Let z(k) = 10*k + 1. Give z(c).
11
Let n(m) = -3 + m**3 - 9*m**2 + 10*m - 5 - 1 - 3. Calculate n(8).
4
Let y(g) = -3*g - 5*g**2 - 2 - 4*g**2 + 5*g**2. Calculate y(-2).
-12
Suppose 4*h + h = -2*c - 31, 0 = 4*h - 5*c + 38. Let b(i